{"id":15,"date":"2019-07-09T11:10:23","date_gmt":"2019-07-09T09:10:23","guid":{"rendered":"http:\/\/choeuretmusique.fr\/?page_id=15"},"modified":"2019-07-09T17:13:13","modified_gmt":"2019-07-09T15:13:13","slug":"accueil","status":"publish","type":"page","link":"https:\/\/choeuretmusique.fr\/","title":{"rendered":"Accueil"},"content":{"rendered":"\n<div class=\"wp-block-cover alignfull has-background-dim-60 has-background-dim\" style=\"background-image:url(http:\/\/choeuretmusique.fr\/wp-content\/uploads\/2019\/07\/ChoeurRelief.jpg);background-position:50% 33%\"><div class=\"wp-block-cover__inner-container\">\n<p style=\"text-align:left\" class=\"has-text-color has-large-font-size has-very-light-gray-color\"> Bienvenue sur le site de la Chorale Ch\u0153ur et Musique. <\/p>\n\n\n\n<p class=\"has-text-color has-very-light-gray-color\"><strong>Direction de Ch\u0153ur<\/strong> : Alexandre BARATIER  <\/p>\n\n\n\n<p class=\"has-text-color has-very-light-gray-color\"><strong>Accompagnement<\/strong> : Fr\u00e9d\u00e9ric ZAPATA  <\/p>\n\n\n\n<p class=\"has-text-color has-very-light-gray-color\"> La chorale Ch\u0153ur et Musique est une Chorale bas\u00e9e dans la ville du Haillan. Elle est compos\u00e9e d&rsquo;amateurs pour la plupart non-lecteurs de musique. Le programme est tr\u00e8s diversifi\u00e9, il comprend des morceaux sacr\u00e9s et profanes et s&rsquo;\u00e9tend de la renaissance \u00e0 nos jours.<\/p>\n<\/div><\/div>\n","protected":false},"excerpt":{"rendered":"","protected":false},"author":1,"featured_media":0,"parent":0,"menu_order":0,"comment_status":"closed","ping_status":"closed","template":"","meta":[],"_links":{"self":[{"href":"https:\/\/choeuretmusique.fr\/index.php?rest_route=\/wp\/v2\/pages\/15"}],"collection":[{"href":"https:\/\/choeuretmusique.fr\/index.php?rest_route=\/wp\/v2\/pages"}],"about":[{"href":"https:\/\/choeuretmusique.fr\/index.php?rest_route=\/wp\/v2\/types\/page"}],"author":[{"embeddable":true,"href":"https:\/\/choeuretmusique.fr\/index.php?rest_route=\/wp\/v2\/users\/1"}],"replies":[{"embeddable":true,"href":"https:\/\/choeuretmusique.fr\/index.php?rest_route=%2Fwp%2Fv2%2Fcomments&post=15"}],"version-history":[{"count":15,"href":"https:\/\/choeuretmusique.fr\/index.php?rest_route=\/wp\/v2\/pages\/15\/revisions"}],"predecessor-version":[{"id":76,"href":"https:\/\/choeuretmusique.fr\/index.php?rest_route=\/wp\/v2\/pages\/15\/revisions\/76"}],"wp:attachment":[{"href":"https:\/\/choeuretmusique.fr\/index.php?rest_route=%2Fwp%2Fv2%2Fmedia&parent=15"}],"curies":[{"name":"wp","href":"https:\/\/api.w.org\/{rel}","templated":true}]}}